se 8, what is -5 + -5226?
-5233
In base 14, what is 1 + 19?
1a
In base 12, what is 41a7 + -5?
41a2
In base 5, what is -10 + 22?
12
In base 3, what is -1 + -20021211?
-20021212
In base 2, what is -101001100 + 10?
-101001010
In base 6, what is -32 + 1413?
1341
In base 15, what is -a + 4be?
4b4
In base 14, what is -3 - 9b?
-a0
In base 10, what is -5 - -20?
15
In base 16, what is e0e + 4?
e12
In base 6, what is 112 + -103?
5
In base 3, what is -10002 + -11?
-10020
In base 3, what is -100021 + 11?
-100010
In base 7, what is 201 + 1?
202
In base 11, what is 2290 - -1?
2291
In base 12, what is 20 + a?
2a
In base 10, what is -296 - 2?
-298
In base 15, what is 81 + 3?
84
In base 16, what is -3 - -13?
10
In base 16, what is 86b - 3?
868
In base 5, what is 0 + 10302?
10302
In base 2, what is -110000 + -110?
-110110
In base 7, what is -3 - -32?
26
In base 10, what is -4 + -778?
-782
In base 11, what is 56 + 0?
56
In base 12, what is -20 + 94?
74
In base 5, what is -1323 - -4?
-1314
In base 7, what is 4 + -13?
-6
In base 15, what is 1 + 12a?
12b
In base 7, what is 2534 - 2?
2532
In base 14, what is -3 - -7c?
79
In base 5, what is -112 + -1004?
-1121
In base 9, what is -1 + -250?
-251
In base 13, what is -2 + -44?
-46
In base 5, what is -300 - 2?
-302
In base 3, what is -101002 + -200?
-101202
In base 5, what is -1 + -1240?
-1241
In base 9, what is 118 + -5?
113
In base 13, what is 25 - -21?
46
In base 16, what is 1154 + -5?
114f
In base 16, what is c + 679?
685
In base 4, what is -13210 + 11?
-13133
In base 11, what is -406 + -2?
-408
In base 6, what is 4 + -2021?
-2013
In base 13, what is a2 - 4?
9b
In base 14, what is b - -b0?
bb
In base 12, what is -7a1 - -5?
-798
In base 11, what is -2 - -114?
112
In base 10, what is -4 + -44?
-48
In base 3, what is -11 + -11?
-22
In base 14, what is -1d + -d?
-2c
In base 11, what is -28 + -4?
-31
In base 3, what is -1010010211 + -10?
-1010010221
In base 10, what is -2 - -47?
45
In base 9, what is -16 - -13?
-3
In base 6, what is 5 + 1433?
1442
In base 8, what is 10 + 11?
21
In base 6, what is 4 - -12420?
12424
In base 16, what is c + -6a?
-5e
In base 11, what is -2 + 2a?
28
In base 13, what is -2 + 178?
176
In base 13, what is 0 + 6c7?
6c7
In base 13, what is 69 - 5?
64
In base 16, what is 3 + 6?
9
In base 15, what is -4 - 1?
-5
In base 16, what is 6 - 4f?
-49
In base 11, what is 5 + 17?
21
In base 10, what is 1 - 3652?
-3651
In base 12, what is -443 + -12?
-455
In base 15, what is 1e6 + -4?
1e2
In base 5, what is 10 - -121?
131
In base 9, what is 1340 + -5?
1334
In base 12, what is 3 + -133?
-130
In base 4, what is 2 - -3000?
3002
In base 13, what is -1a - 4c?
-69
In base 4, what is 3 + -31200?
-31131
In base 12, what is -581 + -4?
-585
In base 3, what is 212102 + 22?
212201
In base 14, what is -186b + 0?
-186b
In base 10, what is 83 - -6?
89
In base 13, what is 69 - -3?
6c
In base 16, what is -228 + 2?
-226
In base 11, what is -81 + 44?
-38
In base 14, what is -2 + 54?
52
In base 14, what is 0 + -112?
-112
In base 3, what is -10 - -1121?
1111
In base 9, what is 2 + -332?
-330
In base 6, what is -13 + 45?
32
In base 13, what is 3 - 153?
-150
In base 11, what is 2 + -518?
-516
In base 15, what is -305 + -2?
-307
In base 3, what is 1 + 12000?
12001
In base 8, what is 5 + -521?
-514
In base 5, what is 3 - -13?
21
In base 6, what is -214 - -1?
-213
In base 11, what is 0 + -250?
-250
In base 4, what is 111230 - -3?
111233
In base 10, what is 2 - -28?
30
In base 16, what is -2d + -11?
-3e
In base 4, what is 1010 + -102?
302
In base 8, what is 33 + 61?
114
In base 7, what is 4 - 23320?
-23313
In base 2, what is -10111 - -1111?
-1000
In base 2, what is -1 + 1101001?
1101000
In base 8, what is 107 - 257?
-150
In base 3, what is -21000102 + 2?
-21000100
In base 10, what is -2 + -41?
-43
In base 5, what is -11 + 304?
243
In base 8, what is 2 + 512?
514
In base 9, what is -125 - -3?
-122
In base 2, what is -10100100 - 100?
-10101000
In base 3, what is -10211 - 11?
-10222
In base 4, what is -11 + 1320?
1303
In base 12, what is -2692 - 5?
-2697
In base 11, what is -32 - -68?
36
In base 12, what is 64 - 4?
60
In base 10, what is -35 + 7?
-28
In base 11, what is a + -38?
-29
In base 7, what is 6006 - 2?
6004
In base 15, what is 9414 + -2?
9412
In base 16, what is -2 - -12?
10
In base 15, what is -34 - -5?
-2e
In base 7, what is 5 - 562?
-554
In base 11, what is -8180 + -1?
-8181
In base 12, what is 5 - -55?
5a
In base 6, what is -1 - -13?
12
In base 7, what is 4 - 331?
-324
In base 15, what is 8 + -9?
-1
In base 4, what is -10000123 + -1?
-10000130
In base 14, what is -1c - 163?
-181
In base 7, what is -35143 - 5?
-35151
In base 2, what is 110 - -10111010?
11000000
In base 7, what is -5323 - 1?
-5324
In base 9, what is -350 - 5?
-355
In base 2, what is 10000011 - 1?
10000010
In base 9, what is -1 + 408?
407
In base 10, what is 1 - 86?
-85
In base 14, what is 4 + -3d?
-39
In base 7, what is -3000 + 3?
-2664
In base 15, what is 1770 + 5?
1775
In base 10, what is -15 + -1?
-16
In base 5, what is -100 + -100?
-200
In base 6, what is -4 + -35?
-43
In base 6, what is -324 + 114?
-210
In base 3, what is 112012 + 12?
112101
In base 12, what is -119 - 4?
-121
In base 12, what is 1 - 4?
-3
In base 13, what is 2c5 - 3?
2c2
In base 10, what is 540 - 0?
540
In base 9, what is -18 - 72?
-101
In base 14, what is 7c - 2?
7a
In base 11, what is 41 - 4?
38
In base 2, what is 100 - -1000100?
1001000
In base 16, what is -1 - 7f?
-80
In base 11, what is 193 - -4?
197
In base 16, what is 27ad - -3?
27b0
In base 9, what is 30 - 25?
4
In base 10, what is 5 - 4469?
-4464
In base 14, what is 1 - -2175?
2176
In base 10, what is 3 + 7?
10
In base 7, what is -5 - 425?
-433
In base 4, what is 13012 + 32?
13110
In base 9, what is 7210 - 4?
7205
In base 14, what is -1 + -3a?
-3b
In base 13, what is -139a + 1?
-1399
In base 3, what is 102 - -2011?
2120
In base 10, what is 6446 - 2?
6444
In base 14, what is 36a - -2?
36c
In base 12, what is -a - 8?
-16
In base 9, what is 6 + -103?
-86
In base 7, what is -2003 + -1?
-2004
In base 7, what is -10 + -5001?
-5011
In base 12, what is 13 - 7?
8
In base 10, what is -2 + 130?
128
In base 9, what is -135 - 4?
-140
In base 2, what is -111011011 + -101?
-111100000
In base 8, what is -756 + 3?
-753
In base 15, what is 8e6 - -2?
8e8
In base 4, what is -111 + -10010?
-10121
In base 7, what is 4562 + 1?
4563
In base 9, what is -181 - -36?
-144
In base 6, what is -14 + 5?
-5
In base 10, what is 5564 - 5?
5559
In base 6, what is 5 + 200?
205
In base 12, what is 2 - -2b?
31
In base 14, what is -4 + 6?
2
In base 13, what is -1 - 50?
-51
In base 14, what is -130 - 4?
-134
In base 9, what is 328 + 4?
333
In base 2, what is -1110101110001 + 101?
-1110101101100
In base 13, what is -11149 - -4?
-11145
In base 15, what is 0 - 7a?
-7a
In base 6, what is 42 + -24?
14
In base 15, what is 5 + 0?
5
In base 6, what is 112 - -1535?
2051
In base 2, what is 1011100 - -11?
1011111
In base 10, what is 4 + -51?
-47
In base 9, what is 6 + 7?
14
In base 13, what is 7507 + -3?
7504
In base 11, what is 10 - 19?
-9
In base 2, what is -1 - -101101101?
101101100
In base 12, what is -4 - b5?
-b9
In base 14, what is 63a - -5?
641
In base 13, what is 4 + 5a?
61
In base 5, what is -41 - 2?
-43
In base 7, what is -4 - 3?
-10
In base 5, what is 342 + -130?
212
In base 15, what is -273 + -4?
-277
In base 4, what is -1 + -31212?
-31213
In base 7, what is 2 - -21?
23
In base 12, what is -67a - -5?
-675
In base 10, what is -25 + 22?
-3
In base 16, what is 59 + -3e?
1b
In base 6, what is 110503 - 3?
110500
In base 12, what is 185 + 1?
186
In base 13, what is 71 + 0?
71
In base 2, what is 11001110 - -100?
11010010
In base 15, what is -27 - c?
-34
In base 2, what is 100110000100 - 1?
100110000011
In base 3, what is 220 + 121?
1111
In base 14, what is -31b + 0?
-31b
In base 5, what is -111 + 21?
-40
In base 12, what is -3 + 211?
20a
In base 13, what is -846 + -2?
-848
In base 12, what is 1 - -8?
9
In base 2, what is -1 - -10010?
10001
In base 7, what is 5 - 265?
-260
In base 14, what is -265 + 1a?
-249
In base 8, what is -31 + -4?
-35
In base 11, what is -44 - 8?
-51
In base 4, what is 1120013 - 10?
1120003
In base 4, what is 10131 + 23?
10220
In base 2, what is 1 + -1